ime factors of 208628602?
2, 7, 13, 59, 19429
List the prime factors of 673713507.
3, 59, 3806291
List the prime factors of 2179033941.
3, 7, 233, 491, 907
What are the prime factors of 1425679522?
2, 31, 22994831
List the prime factors of 4704253789.
359, 13103771
List the prime factors of 42429637.
17, 2495861
List the prime factors of 9379132.
2, 7, 47, 7127
List the prime factors of 792055.
5, 11, 14401
List the prime factors of 65981830.
2, 5, 113, 58391
List the prime factors of 58978178.
2, 7, 4212727
List the prime factors of 1489966275.
3, 5, 7, 17, 3407
What are the prime factors of 1515414466?
2, 523, 1448771
What are the prime factors of 53435957?
2273, 23509
List the prime factors of 51403969.
331, 155299
List the prime factors of 2056826872.
2, 17, 889631
List the prime factors of 622966546.
2, 23, 41, 330311
What are the prime factors of 319687274?
2, 19, 8412823
What are the prime factors of 17096358?
2, 3, 157, 18149
What are the prime factors of 73254789?
3, 8139421
What are the prime factors of 82896773?
82896773
What are the prime factors of 367294994?
2, 11, 4073, 4099
What are the prime factors of 269285915?
5, 53857183
What are the prime factors of 55650418?
2, 17, 96281
List the prime factors of 4601597673.
3, 101, 15186791
List the prime factors of 20484191.
7, 13, 23, 9787
What are the prime factors of 595947412?
2, 148986853
What are the prime factors of 743607338?
2, 371803669
What are the prime factors of 845614990?
2, 5, 11, 7687409
List the prime factors of 1802117674.
2, 7, 17, 673, 11251
What are the prime factors of 1409561530?
2, 5, 13, 29, 89, 4201
What are the prime factors of 33595059?
3, 19, 589387
What are the prime factors of 1817067089?
1817067089
List the prime factors of 55755472.
2, 59, 59063
List the prime factors of 3210414198.
2, 3, 17, 23, 1368463
List the prime factors of 88529904.
2, 3, 241, 2551
List the prime factors of 849761619.
3, 7, 40464839
What are the prime factors of 62411422?
2, 29, 53, 79, 257
List the prime factors of 115632041.
7, 241, 68543
List the prime factors of 52454185.
5, 7, 29, 51679
What are the prime factors of 1567359095?
5, 347, 919, 983
List the prime factors of 104571641.
17, 6151273
List the prime factors of 28301113.
3319, 8527
List the prime factors of 53048324.
2, 7, 1894583
List the prime factors of 69652750.
2, 5, 278611
List the prime factors of 180029316.
2, 3, 15002443
List the prime factors of 22252835.
5, 11, 404597
List the prime factors of 294955900.
2, 5, 157, 18787
What are the prime factors of 514120901?
7, 73445843
List the prime factors of 3461629485.
3, 5, 1033, 223403
List the prime factors of 93786929.
83, 1129963
What are the prime factors of 84055310?
2, 5, 17, 494443
List the prime factors of 5335114370.
2, 5, 181, 769, 3833
List the prime factors of 14789166.
2, 3, 7, 352123
What are the prime factors of 5717907674?
2, 929, 3077453
What are the prime factors of 72364174?
2, 36182087
List the prime factors of 669191483.
8291, 80713
What are the prime factors of 27253319?
1499, 18181
List the prime factors of 3175355132.
2, 17, 2746847
List the prime factors of 2574086452.
2, 7, 149, 616991
What are the prime factors of 346308042?
2, 3, 53, 97, 103, 109
What are the prime factors of 22526277?
3, 7508759
List the prime factors of 1144625098.
2, 14087, 40627
What are the prime factors of 30881696?
2, 97, 9949
List the prime factors of 100472167.
109, 197, 4679
What are the prime factors of 122807999?
239, 513841
What are the prime factors of 146765857?
7, 20966551
What are the prime factors of 1075475451?
3, 43, 8337019
What are the prime factors of 4543032041?
10733, 423277
What are the prime factors of 2034794907?
3, 226088323
List the prime factors of 54026580.
2, 3, 5, 900443
List the prime factors of 60164729.
173, 347773
What are the prime factors of 58836129?
3, 11, 109, 1487
List the prime factors of 7985730.
2, 3, 5, 29, 67, 137
What are the prime factors of 3941268754?
2, 47, 379, 110629
What are the prime factors of 25938971?
19, 31, 47, 937
What are the prime factors of 2413097848?
2, 7, 43091033
What are the prime factors of 4358728293?
3, 1452909431
What are the prime factors of 221118885?
3, 5, 13, 377981
What are the prime factors of 227735717?
11, 20703247
List the prime factors of 791790826.
2, 1381, 286673
List the prime factors of 2056535.
5, 13, 29, 1091
List the prime factors of 3117887431.
17, 149, 1230907
What are the prime factors of 482936884?
2, 17, 29, 244897
What are the prime factors of 3061636065?
3, 5, 7841, 8677
List the prime factors of 67600180.
2, 5, 83, 193, 211
What are the prime factors of 2890873392?
2, 3, 11, 17, 322067
List the prime factors of 1493972.
2, 139, 2687
List the prime factors of 108702349.
7, 71, 218717
List the prime factors of 115456139.
115456139
What are the prime factors of 24295505?
5, 13, 373777
What are the prime factors of 1850450933?
311, 5950003
What are the prime factors of 199520206?
2, 37, 661, 4079
What are the prime factors of 81926690?
2, 5, 23, 107, 3329
List the prime factors of 50074122.
2, 3, 7, 1192241
List the prime factors of 359885379.
3, 7, 17137399
List the prime factors of 99415760.
2, 5, 31, 40087
List the prime factors of 183772417.
97, 271, 6991
What are the prime factors of 18613138?
2, 797, 11677
What are the prime factors of 307773495?
3, 5, 19, 179, 2011
What are the prime factors of 5276562760?
2, 5, 7, 29, 157, 4139
What are the prime factors of 147242770?
2, 5, 14724277
What are the prime factors of 203991819?
3, 521, 130513
List the prime factors of 25136994.
2, 3, 4189499
What are the prime factors of 6735967187?
6735967187
List the prime factors of 72159902.
2, 1999, 18049
List the prime factors of 31463578.
2, 1321, 11909
What are the prime factors of 284257444?
2, 53, 1340837
List the prime factors of 523648642.
2, 11, 37, 643303
What are the prime factors of 111245217?
3, 379, 97841
List the prime factors of 771711639.
3, 571, 450503
What are the prime factors of 4845608359?
937, 5171407
List the prime factors of 83555837.
43, 409, 4751
What are the prime factors of 944239655?
5, 827, 228353
List the prime factors of 74476914.
2, 3, 12412819
List the prime factors of 145322118.
2, 3, 8073451
What are the prime factors of 136373592?
2, 3, 17, 79, 4231
What are the prime factors of 6709945923?
3, 59, 257, 49169
List the prime factors of 471380308.
2, 7, 23, 731957
List the prime factors of 976421385.
3, 5, 53, 59, 257
What are the prime factors of 1462828018?
2, 67, 10916627
What are the prime factors of 31638278?
2, 7, 59, 38303
What are the prime factors of 243179751?
3, 81059917
What are the prime factors of 20719592?
2, 109, 23761
What are the prime factors of 100803135?
3, 5, 23, 292183
What are the prime factors of 310742573?
449, 613, 1129
List the prime factors of 1614161983.
7, 230594569
What are the prime factors of 5708060405?
5, 1141612081
List the prime factors of 27636112.
2, 7, 443, 557
What are the prime factors of 88647351?
3, 13, 281, 8089
What are the prime factors of 4931218666?
2, 11, 41, 5466983
What are the prime factors of 104393751?
3, 7, 11, 451921
What are the prime factors of 1616885732?
2, 7, 11, 79, 863
What are the prime factors of 1006842375?
3, 5, 7, 11, 59, 197
What are the prime factors of 1750533809?
17, 829, 124213
List the prime factors of 148968039.
3, 11, 43, 61, 1721
List the prime factors of 63484721.
71, 894151
List the prime factors of 24204147.
3, 11, 733459
What are the prime factors of 567375494?
2, 7, 53, 764657
What are the prime factors of 46137858?
2, 3, 13, 31, 19081
List the prime factors of 88431881.
88431881
What are the prime factors of 53322328?
2, 37, 151, 1193
List the prime factors of 4165221756.
2, 3, 311, 541, 2063
What are the prime factors of 43933506?
2, 3, 7322251
List the prime factors of 1835889080.
2, 5, 29, 467, 3389
What are the prime factors of 671398192?
2, 41962387
What are the prime factors of 91223987?
601, 151787
List the prime factors of 183305776.
2, 11456611
List the prime factors of 91599856.
2, 5724991
List the prime factors of 42316822.
2, 743, 28477
List the prime factors of 96040807.
96040807
List the prime factors of 417065776.
2, 37, 41, 17183
What are the pr